14
What is -11 (base 2) in base 15?
-3
-7 (base 9) to base 7
-10
What is -110 (base 2) in base 13?
-6
What is 1f (base 16) in base 6?
51
124 (base 10) to base 9
147
Convert 63 (base 14) to base 5.
322
10101 (base 2) to base 11
1a
Convert 2 (base 8) to base 4.
2
-4 (base 13) to base 14
-4
-101 (base 12) to base 11
-122
3 (base 9) to base 7
3
What is 18 (base 13) in base 14?
17
Convert -cd (base 15) to base 4.
-3001
Convert -2 (base 15) to base 12.
-2
Convert 263 (base 10) to base 7.
524
1242 (base 6) to base 12
222
What is 12 (base 8) in base 5?
20
-55 (base 8) to base 10
-45
Convert 3 (base 6) to base 15.
3
2 (base 14) to base 12
2
0 (base 4) to base 16
0
What is 8 (base 13) in base 11?
8
34 (base 10) to base 8
42
Convert 0 (base 8) to base 14.
0
Convert 1 (base 14) to base 3.
1
What is -74 (base 14) in base 16?
-66
What is -3 (base 5) in base 3?
-10
What is -1121 (base 3) in base 11?
-3a
6 (base 12) to base 4
12
Convert 0 (base 2) to base 4.
0
Convert -65 (base 9) to base 11.
-54
Convert 31 (base 12) to base 14.
29
66 (base 16) to base 13
7b
What is 10 (base 3) in base 9?
3
1 (base 11) to base 12
1
What is 15 (base 12) in base 16?
11
Convert 51 (base 9) to base 6.
114
What is -c (base 16) in base 4?
-30
Convert -266 (base 7) to base 3.
-12102
10 (base 15) to base 4
33
What is -90 (base 11) in base 7?
-201
What is 0 (base 7) in base 10?
0
8 (base 13) to base 15
8
What is -b (base 15) in base 11?
-10
What is 6 (base 8) in base 13?
6
-3 (base 14) to base 10
-3
Convert -13 (base 5) to base 4.
-20
Convert 143 (base 15) to base 6.
1200
-2 (base 6) to base 12
-2
-1 (base 2) to base 3
-1
3 (base 4) to base 5
3
Convert -21022 (base 3) to base 8.
-305
Convert -73 (base 8) to base 3.
-2012
What is 30 (base 8) in base 2?
11000
What is -2 (base 7) in base 10?
-2
-1100111 (base 2) to base 9
-124
255 (base 6) to base 2
1101011
Convert -163 (base 13) to base 11.
-208
87 (base 9) to base 6
211
Convert 35 (base 15) to base 12.
42
Convert 10200 (base 3) to base 6.
243
Convert 0 (base 13) to base 5.
0
1d (base 16) to base 12
25
What is -65 (base 13) in base 11?
-76
What is 6 (base 14) in base 11?
6
7 (base 16) to base 11
7
Convert -300 (base 6) to base 8.
-154
What is -9 (base 16) in base 9?
-10
-b3 (base 14) to base 7
-313
1034 (base 5) to base 12
100
-265 (base 8) to base 12
-131
-108 (base 13) to base 3
-20120
What is 121 (base 3) in base 8?
20
0 (base 6) to base 11
0
What is 42 (base 7) in base 12?
26
1 (base 12) to base 3
1
Convert 255 (base 11) to base 4.
10232
What is 1101 (base 2) in base 9?
14
Convert 131 (base 6) to base 10.
55
What is -12 (base 11) in base 16?
-d
Convert -72 (base 13) to base 11.
-85
-304 (base 8) to base 10
-196
What is 410 (base 6) in base 7?
303
Convert 9 (base 11) to base 9.
10
10133 (base 4) to base 14
167
What is 156 (base 10) in base 8?
234
Convert 10111000 (base 2) to base 8.
270
-4 (base 7) to base 15
-4
6d (base 16) to base 5
414
Convert -3 (base 6) to base 10.
-3
What is 1010011 (base 2) in base 12?
6b
Convert -69 (base 16) to base 12.
-89
-7 (base 12) to base 2
-111
What is 96 (base 15) in base 5?
1031
Convert 17 (base 8) to base 5.
30
What is 7b (base 13) in base 2?
1100110
Convert -116 (base 10) to base 9.
-138
12 (base 6) to base 14
8
Convert 110000 (base 2) to base 14.
36
What is a7 (base 16) in base 4?
2213
-111 (base 3) to base 6
-21
What is 210 (base 5) in base 10?
55
What is 15 (base 16) in base 10?
21
Convert 15 (base 8) to base 11.
12
Convert -37 (base 12) to base 8.
-53
What is -3 (base 4) in base 12?
-3
ab (base 13) to base 7
261
Convert -4 (base 16) to base 11.
-4
-3 (base 6) to base 4
-3
Convert 1 (base 5) to base 15.
1
Convert -6 (base 8) to base 16.
-6
What is -14 (base 13) in base 6?
-25
3 (base 7) to base 2
11
-2 (base 6) to base 9
-2
-244 (base 8) to base 4
-2210
What is -11 (base 3) in base 4?
-10
Convert 132 (base 7) to base 12.
60
-431 (base 5) to base 11
-a6
Convert 11 (base 7) to base 12.
8
Convert 7 (base 8) to base 7.
10
Convert -18 (base 9) to base 15.
-12
What is -23 (base 11) in base 4?
-121
Convert -3 (base 5) to base 14.
-3
13 (base 7) to base 11
a
Convert 120 (base 3) to base 8.
17
0 (base 16) to base 7
0
What is ee (base 15) in base 10?
224
Convert 31 (base 7) to base 4.
112
Convert 116 (base 7) to base 12.
52
-11010 (base 2) to base 7
-35
What is 10000 (base 2) in base 5?
31
-1010 (base 2) to base 13
-a
What is -b (base 15) in base 13?
-b
What is 0 (base 16) in base 14?
0
What is 10 (base 9) in base 6?
13
What is -18 (base 12) in base 7?
-26
What is -2 (base 8) in base 6?
-2
Convert 2030 (base 4) to base 14.
a0
What is 111 (base 3) in base 9?
14
Convert -58 (base 11) to base 15.
-43
-10 (base 6) to base 13
-6
Convert 111 (base 2) to base 13.
7
Convert -2232 (base 4) to base 8.
-256
Convert 3 (base 14) to base 3.
10
Convert -f (base 16) to base 9.
-16
What is 100000 (base 2) in base 8?
40
What is -15 (base 13) in base 6?
-30
Convert 44 (base 9) to base 13.
31
What is -135 (base 10) in base 12?
-b3
What is -4 (base 11) in base 8?
-4
10 (base 13) to base 7
16
What is -352 (base 6) in base 4?
-2030
-322 (base 10) to base 3
-102221
What is 34 (base 12) in base 6?
104
1 (base 3) to base 7
1
What is 7 (base 13) in base 14?
7
-2 (base 5) to base 6
-2
What is -10101 (base 2) in base 3?
-210
What is d7 (base 14) in base 9?
230
Convert -104 (base 5) to base 8.
-35
Convert 215 (base 7) to base 5.
420
-1 (base 15) to base 8
-1
1020 (base 5) to base 8
207
7 (base 13) to base 16
7
What is 2 (base 3) in base 15?
2
What is -107 (base 14) in base 12?
-14b
What is 201 (base 13) in base 6?
1323
-35 (base 15) to base 8
-62
Convert -6 (base 11) to base 8.
-6
c (base 14) to base 5
22
7 (base 8) to base 13
7
235 (base 6) to base 8
137
What is 1 (base 7) in base 14?
1
-2 (base 3) to base 15
-2
Convert 0 (base 3) to base 12.
0
What is 41 (base 7) in base 4?
131
Convert 29 (base 13) to base 12.
2b
What is -77 (base 14) in base 10?
-105
Convert 100110010 (base 2) to base 6.
1230
-3 (base 13) to base 2
-11
2d (base 15) to base 8
53
-2320 (base 5) to base 2
-101001111
Convert -9 (base 16) to base 8.
-11
-7 (base 15) to base 10
-7
Convert -1 (base 4) to base 2.
-1
What is 3 (base 16) in base 12?
3
Convert -11 (base 3) to base 7.
-4
Convert 25 (base 6) to base 11.
16
-3 (base 15) to base 13
-3
What is 3 (base 4) in base 9?
3
1010000 (base 2) to base 10
80
Convert 101 (base 2) to base 16.
5
Convert 1110 (base 2) to base 14.
10
What is 51 (base 6) in base 9?
34
Convert 2a (base 12) to base 10.
34
What is 200 (base 5) in base 8?
62
Convert -c (base 13) to base 3.
-110
What is 20 (base 14) in base 5?
103
What is -4 (base 8) in base 5?
-4
What is -49 (base 12) in base 3?
-2010
What is 21 (base 16) in base 3?
1020
21 (base 5) to base 16
b
What is -2 (base 3) in base 16?
-2
Convert 1 (base 9) to base 3.
1
Convert -4a (base 16) to base 3.
-2202
What is -4e (base 16) in base 8?
-116
Convert 4 (base 11) to base 12.
4
Convert 3a (base 15) to base 6.
131
What is 2211 (base 5) in base 9?
370
Convert 97 (base 12) to base 8.
163
What is 302 (base 6) in base 13?
86
What is 1110 (base 2) in base 11?
13
3 (base 9) to base 11
3
What is -a1 (base 15) in base 7?
-304
16 (base 7) to base 14
d
18 (base 12) to base 15
15
What is 2 (base 5) in base 12?
2
-3 (base 15) to base 7
-3
Convert -144 (base 5) to base 8.
-61
Convert 4 (base 8) to base 4.
10
Convert 62 (base 9) to base 8.
70
8 (base 11) to base 10
8
-1000110 (base 2) to base 12
-5a
155 (base 6) to base 8
107
What is 3 (base 15) in base 12?
3
What is 5 (base 7) in base 11?
5
-1100100 (base 2) to base 5
-400
3 (base 14) to base 12
3
What is 1 (base 8) in base 11?
1
Convert -11011111 (base 2) to base 11.
-193
-20 (base 11) to base 16
-16
What is 161 (base 9) in base 15?
91
Convert 2 (base 9) to base 10.
2
What is -4 (base 16) in base 4?
-10
What is -2 (base 7) in base 10?
-2
10320 (base 4) to base 16
138
Convert 43 (base 12) to base 6.
123
Convert 22 (base 6) to base 12.
12
Convert -6 (base 7) to base 3.
-20
What is 10 (base 9) in base 4?
21
What is -13 (base 4) in base 14?
-7
What is 2 (base 7) in base 11?
2
-19 (base 14) to base 11
-21
Convert -10 (base 5) to base 11.
-5
Convert 101 (base 2) to base 9.
5
Convert -13 (base 8) to base 7.
-14
Convert -10 (base 3) to base 15.
-3
What is 4